{"id":13,"date":"2011-12-28T12:22:44","date_gmt":"2011-12-28T12:22:44","guid":{"rendered":"http:\/\/mczerwonka.pl\/jozef.czerwonka\/?page_id=13"},"modified":"2018-09-23T15:15:08","modified_gmt":"2018-09-23T14:15:08","slug":"jozef-czerwonka","status":"publish","type":"page","link":"http:\/\/mczerwonka.pl\/jozef.czerwonka\/?page_id=13","title":{"rendered":"F\/Sgt J\u00f3zef Czerwonka"},"content":{"rendered":"<div style=\"text-align: justify;\"><img loading=\"lazy\" decoding=\"async\" class=\"wp-image-15 alignleft\" style=\"border-image: initial; border-width: 1px; border-color: black; border-style: solid;\" title=\"J\u00f3zef Czerwonka\" src=\"http:\/\/mczerwonka.pl\/jozef.czerwonka\/wp-content\/uploads\/2011\/12\/profil-229x300.png\" alt=\"\" width=\"229\" height=\"300\" srcset=\"http:\/\/mczerwonka.pl\/jozef.czerwonka\/wp-content\/uploads\/2011\/12\/profil-229x300.png 229w, http:\/\/mczerwonka.pl\/jozef.czerwonka\/wp-content\/uploads\/2011\/12\/profil.png 300w\" sizes=\"auto, (max-width: 229px) 100vw, 229px\" \/><\/div>\n<p style=\"text-align: justify;\">Urodzi\u0142 si\u0119 23 listopada 1919 roku w Jaworznie (woj. krakowskie), gdzie uko\u0144czy\u0142 szko\u0142\u0119 powszechn\u0105 i 3 lata zawodowej szko\u0142y dokszta\u0142caj\u0105cej. W 1936 roku wst\u0105pi\u0142 do Szko\u0142y Podoficer\u00f3w Lotnictwa dla Ma\u0142oletnich w Bydgoszczy. Po jej uko\u0144czeniu w 1939 roku otrzyma\u0142 przydzia\u0142 do II Pu\u0142ku Lotnictwa w Krakowie jako radiotelegrafista na bombowcu. We wrze\u015bniu 1939 roku wraz z 24 Eskadr\u0105 Rozpoznawcz\u0105 przemieszcza\u0142 si\u0119 na kolejne lotniska polowe (Klimont\u00f3w &#8211; U\u0142\u0119\u017c &#8211; Wron\u00f3w &#8211; \u0141uszcz\u00f3w &#8211; Strzy\u017c\u00f3w &#8211; Kniahinin &#8211; U\u017cyniec). W po\u0142owie wrze\u015bnia straci\u0142 kontakt z jednostk\u0105 i po zamkni\u0119ciu rumu\u0144skiej granicy przebija\u0142 si\u0119 na W\u0119gry, gdzie zosta\u0142 internowany w obozie w Nagyk\u00e1ll\u00f3. Uciek\u0142 z niego w ubraniu robotnika, a nast\u0119pnie trafi\u0142 do nowo sformowanej Pierwszej Morskiej Eskadry Bombowej w Trie\u015bcie. W styczniu 1940 roku rz\u0105d w\u0142oski odm\u00f3wi\u0142 za\u0142ogom eskadry start\u00f3w z terytorium W\u0142och. W obawie przed ponownym internowaniem wyjecha\u0142 do Francji, a nast\u0119pnie do Anglii. W po\u0142owie stycznia przyby\u0142 do Londynu, gdzie zosta\u0142 przydzielony do polskiego obozu w Eastchurch. Po kilku szkoleniach (radiooperator, strzelec pok\u0142adowy) zosta\u0142 instruktorem w 18 Oddziale Szkolenia Bojowego (OTU) w Bramcote, gdzie szkoli\u0142 za\u0142ogi polskich dywizjon\u00f3w bombowych 304 oraz 305. W czerwcu 1941 roku zosta\u0142 przeniesiony do 301 dywizjonu bombowego. Bra\u0142 udzia\u0142 w szeregu lot\u00f3w bojowych (Brest; Bremen; Cologne; pancerniki Gneisnau, Scharnhorst i Printz Eugen; Hamburg; Kiel). W styczniu 1942 roku zosta\u0142 awansowany do stopnia Flight Sergeant. P\u00f3\u0142 roku p\u00f3\u017aniej, 6 czerwca, podczas lotu na bombardowanie Essen, jego Wellington GR-C Z1331 zosta\u0142 zestrzelony przez my\u015bliwca nocnego Helmuta Lenta nad jeziorem JIlssameer w Holandii. Ca\u0142a za\u0142oga zgin\u0119\u0142a. Jego gr\u00f3b znajduje si\u0119 na cmentarzu wschodnim w Amsterdamie.<\/p>\n<p>By\u0142 odznaczony Krzy\u017cem Walecznych I, II, III i IV klasy.<\/p>\n<hr \/>\n<div style=\"text-align: justify;\">\u0179r\u00f3d\u0142a:<\/div>\n<ul>\n<li><a title=\"Pami\u0119tnik\" href=\"http:\/\/mczerwonka.pl\/jozef.czerwonka\/?page_id=2\" target=\"_blank\">Pami\u0119tnik J\u00f3zefa Czerwonki<\/a><\/li>\n<li><a href=\"https:\/\/photos.app.goo.gl\/vS95cFrFDkRtX5vg9\" target=\"_blank\">J\u00f3zef Czerwonka &#8211; Korpus Osobowy<\/a><\/li>\n<li><a href=\"https:\/\/photos.app.goo.gl\/X354LKk7f52tL72J8\" target=\"_blank\">J\u00f3zef Czerwonka &#8211; Zeszyt Ewidencyjny<\/a><\/li>\n<li>&#8222;Polskie Eskadry w Wojnie Obronnej 1939&#8221;, Jerzy Pawlak<\/li>\n<li><a href=\"http:\/\/karas-w-walce.blogspot.com\/\" target=\"_blank\">Kara\u015b w walce<\/a><\/li>\n<li><a href=\"http:\/\/www.polishwargraves.nl\/ned\/z.1331.htm\" target=\"_blank\">Polish War Graves<\/a><\/li>\n<li><a href=\"http:\/\/www.luftwaffe.cz\/lent.html\" target=\"_blank\">Aces of Luftwaffe<\/a><\/li>\n<li><a href=\"http:\/\/301.dyon.pl\/\" target=\"_blank\">301 Dywizjon Bombowy Ziemi Pomorskiej<\/a><\/li>\n<li><a href=\"http:\/\/www.lostbombers.co.uk\/bomber.php?id=10618\" target=\"_blank\">Lost Bombers &#8211; A Database of Bombers Lost During World War II<\/a><\/li>\n<\/ul>\n","protected":false},"excerpt":{"rendered":"<p>Urodzi\u0142 si\u0119 23 listopada 1919 roku w Jaworznie (woj. krakowskie), gdzie uko\u0144czy\u0142 szko\u0142\u0119 powszechn\u0105 i 3 lata zawodowej szko\u0142y dokszta\u0142caj\u0105cej. W 1936 roku wst\u0105pi\u0142 do Szko\u0142y Podoficer\u00f3w Lotnictwa dla Ma\u0142oletnich w Bydgoszczy. Po jej uko\u0144czeniu w 1939 roku otrzyma\u0142 przydzia\u0142 &hellip; <a href=\"http:\/\/mczerwonka.pl\/jozef.czerwonka\/?page_id=13\">Czytaj dalej <span class=\"meta-nav\">&rarr;<\/span><\/a><\/p>\n","protected":false},"author":1,"featured_media":0,"parent":0,"menu_order":2,"comment_status":"closed","ping_status":"closed","template":"onecolumn-page.php","meta":{"footnotes":""},"class_list":["post-13","page","type-page","status-publish","hentry"],"jetpack_sharing_enabled":true,"_links":{"self":[{"href":"http:\/\/mczerwonka.pl\/jozef.czerwonka\/index.php?rest_route=\/wp\/v2\/pages\/13","targetHints":{"allow":["GET"]}}],"collection":[{"href":"http:\/\/mczerwonka.pl\/jozef.czerwonka\/index.php?rest_route=\/wp\/v2\/pages"}],"about":[{"href":"http:\/\/mczerwonka.pl\/jozef.czerwonka\/index.php?rest_route=\/wp\/v2\/types\/page"}],"author":[{"embeddable":true,"href":"http:\/\/mczerwonka.pl\/jozef.czerwonka\/index.php?rest_route=\/wp\/v2\/users\/1"}],"replies":[{"embeddable":true,"href":"http:\/\/mczerwonka.pl\/jozef.czerwonka\/index.php?rest_route=%2Fwp%2Fv2%2Fcomments&post=13"}],"version-history":[{"count":31,"href":"http:\/\/mczerwonka.pl\/jozef.czerwonka\/index.php?rest_route=\/wp\/v2\/pages\/13\/revisions"}],"predecessor-version":[{"id":421,"href":"http:\/\/mczerwonka.pl\/jozef.czerwonka\/index.php?rest_route=\/wp\/v2\/pages\/13\/revisions\/421"}],"wp:attachment":[{"href":"http:\/\/mczerwonka.pl\/jozef.czerwonka\/index.php?rest_route=%2Fwp%2Fv2%2Fmedia&parent=13"}],"curies":[{"name":"wp","href":"https:\/\/api.w.org\/{rel}","templated":true}]}}